at is y(g)?
-67
Let c(i) be the third derivative of -i**5/60 + i**4/24 - 5*i**3/6 + 2875*i**2. Give c(-5).
-35
Let t(p) = p**3 + 11*p**2 + 2*p - 4. Let h(s) = -2*s**3 + 20*s**2 - 144*s + 1123. Let f be h(9). Give t(f).
-26
Let i be -1 + (-18)/(-6) - (2 + (-10)/2). Let b(o) = -o**3 + 3*o**2 + o + 6. Determine b(i).
-39
Let o(t) = -t**3 + 2*t**2 - 9*t + 15. Suppose -392 = -103*g - 83. What is o(g)?
-21
Let u be (-34)/(-6) + -1 - (-2)/(-3). Let f be 69 + u*(-5)/10. Let n(q) = -66*q**3 + 6*q - 2 + 2 + 3 + f*q**3 + 5*q**2. Give n(-4).
-5
Let a be ((-1)/1)/(147/(-35) - -4). Let b(k) = 149*k - 89*k - 57*k - 8. Give b(a).
7
Let r(t) be the first derivative of -t**4/4 + 8*t**3/3 - 9*t**2/2 - 23*t + 8169. What is r(6)?
-5
Let d be (1/(-5))/(-10 + (-735)/(-75)). Let j(o) = -9*o**2 + 1. Determine j(d).
-8
Let i = 647 - 287. Let c be (2 + 1)/(-4*27/i). Let f(s) = -2*s + 2. Calculate f(c).
22
Let l(d) = -3*d**2 - 22*d + 44. Let s be l(-9). Let j(q) = 30*q**3 - q**2 - 3*q - 2. Give j(s).
-30
Let q(z) = -z - 23. Let c be (16 - (-630)/(-72))*8/2 + -7. Calculate q(c).
-45
Let m(g) be the first derivative of -g**3/3 + 3*g**2/2 + 4*g + 1289. Let n be -3*1/(9/(-12)). Determine m(n).
0
Let c(o) = 7*o**2 - 8*o - 8. Let k = -13 - -6. Let g(m) = -12*m**2 + 15*m + 15. Let p(t) = k*c(t) - 4*g(t). Let s be 2/(-2) - 4/2. Calculate p(s).
-1
Let g(m) be the second derivative of -m**5/60 + m**4/6 + 2*m**3/3 - 17*m**2/2 + 104*m. Let z(i) be the first derivative of g(i). Calculate z(7).
-17
Let l(w) = -11*w + 49 + w - 56. Let f(n) = -3*n. Let q(i) = -3*f(i) + l(i). What is q(-10)?
3
Let a(k) = -2*k**3 - 82*k**2 - 88*k - 302. Let s be a(-40). Let c(r) = 6*r - 112. Calculate c(s).
-4
Let w(x) = 2*x**2 - 5*x - 13. Let k be w(6). Suppose k*p + 174 = -0. Let z(v) = v**2 + 4*v - 7. Give z(p).
5
Let c(o) = 5*o - 45. Let a be c(8). Let h(r) be the second derivative of -r**5/20 - r**4/3 + r**3 + 7*r**2/2 - r + 2. What is h(a)?
2
Let k be -1*(4 - 2 - -3). Let y(o) = 3*o**2 + 1 - 1 - 6 - 4*o**2 - 8*o. Give y(k).
9
Let n(f) be the first derivative of f**5/5 - f**4/24 + f**2 + 11*f + 28. Let l(p) be the second derivative of n(p). Calculate l(1).
11
Suppose 2*i - i - 17 = -w, 4*i - 77 = -w. Suppose 25 = i*o - 75. Let f(t) = 2*t**2 - 6*t - 7. What is f(o)?
13
Let i(l) = -3*l - 51. Let y be i(-15). Let z(q) = 5*q - 10. Let k(u) = -u + 2. Let v(w) = y*k(w) - z(w). Calculate v(1).
-1
Let l(v) = -v - 25. Let u = -4363 + 4342. Determine l(u).
-4
Let n(s) = -266*s - 2*s**3 + s**3 + 129*s + 4 + 6*s**2 + 130*s. Let i be (-2)/(4/(-6)) + -49 + 21. Let c be (i/(-15))/(2/6). Give n(c).
-6
Let r = 303 + -304. Let h(u) be the third derivative of -7*u**5/20 + u**3/6 + 75*u**2. Determine h(r).
-20
Let n(k) = k**2 + 2*k. Suppose 4*t + 4*a = a - 77, 3*a - 63 = 3*t. Let d be (-2*(-1 + 2))/(t/(-30)). Calculate n(d).
3
Suppose 0 = 5*h - 9*h + 3*a, 3*h = 2*a + 1. Let f(z) = 4*z**3 + 4*z**h - 2*z**3 - 3*z**2 + 3 - 6*z - 5*z**3 + z**2. Let s = 2 + 2. Determine f(s).
11
Suppose 2*c + c = 0. Let a(h) = -6 + 898426*h - 449213*h - 449214*h. Give a(c).
-6
Let o(d) be the first derivative of d**3/3 + 8*d**2 + 20*d - 60882. Suppose 3*c + 2*i + 35 = 0, -5*c - 62 = 3*i - 2. What is o(c)?
5
Let l(b) = -7*b**3 + 9*b**2 + 12*b - 7. Let z(d) = 2*d**3 - 2*d**2 - 4*d. Let j(w) = l(w) + 3*z(w). Give j(2).
-3
Let n(h) = h**3 - 5*h**2 - h + 13. Let j be n(8). Let u = 192 - j. Let l(a) = -3*a - 2. What is l(u)?
13
Let n(y) = 8*y + 18. Let c = 9677 - 9685. Give n(c).
-46
Let x(b) be the first derivative of -b**5/60 + b**4/8 - b**3/2 - 25*b**2 + b + 74. Let g(p) be the second derivative of x(p). Give g(2).
-1
Let o = -197 + 204. Let f be (-6)/(((-28)/o)/4). Let c(b) be the first derivative of -b**4/4 + 5*b**3/3 + 2*b**2 + 8*b + 2. Calculate c(f).
-4
Let z(q) = 3023*q**2 + 1670 - 1727 - 3021*q**2 - 9*q. Give z(-4).
11
Let i(m) be the first derivative of m**3/3 - 21*m**2/2 - 95*m + 6590. What is i(28)?
101
Let g be 10/((-140)/(-42)) - 1*-5. Let x(p) = -p**3 - 7*p**2 + 123*p - 23. Calculate x(g).
1
Let c(n) = -16*n + 2. Let o be c(-2). Suppose o*w - 6 = 31*w. Let u(m) = -4 + 2*m - 3*m + w*m. Give u(7).
3
Let k(r) = 77*r - 613. Suppose 0 = 68*y - 190 - 211 - 143. Calculate k(y).
3
Let w(y) = y**2 + 7*y - 5. Suppose -18 = 2*g - 2*a + 7*a, 0 = 3*g - 3*a + 6. Let k = 48 - 45. Let r = g - k. Give w(r).
-5
Suppose 6*z = 7*z - 7. Let r(y) = 3*y - y + 3*y**2 + z*y - 11*y. Calculate r(2).
8
Let x(s) = 11*s + 103. Let y be x(-9). Let p(l) = l**3 - 7*l**2 + 4. Let i be p(7). Let r(d) = -i*d - 8*d + 11*d + y. What is r(6)?
-2
Let w = -4 + -1. Let d(p) = -63 + 5*p - 59 - 54 + 181 + 4*p**2 - 3*p**2. Give d(w).
5
Let k(a) = a**3 - 7*a**2 - 5*a + 10. Let q(n) = -n**3 + 6*n**2 + 4*n - 9. Let c(p) = 6*k(p) + 7*q(p). Suppose -11 = 8*m + y, -5*y + 15 = -10. What is c(m)?
9
Let o(q) = 3*q - 5. Let t(u) = -u**2 + 17*u - 8. Let p be t(13). Let f = -41 + p. Let l be o(f). Let k(i) = -i + 2. Determine k(l).
-2
Let r(u) = u + 1. Let q be 2/(-4) + (-85)/(-34). Suppose -q*z + 2*a = 0, z - a - 3*a = 0. Suppose 9*f + 6 + 21 = z. What is r(f)?
-2
Let c(i) = i - 5. Let b = 824 - 807. Suppose -8*f = -17 + b. Give c(f).
-5
Let l(n) = -n - 3. Let h(j) = j**3 + 22*j**2 - 28*j - 82. Let i be h(-23). Let v be (-2 + 5)/(i/(-33)). Determine l(v).
0
Let s(v) be the third derivative of 4*v + 1/8*v**4 - 7*v**2 - 1/60*v**5 - 1/2*v**3 + 0. Calculate s(6).
-21
Let y(l) = -3*l**2 - 10*l - 2. Let g = 4532 - 4536. What is y(g)?
-10
Let q(t) = -186464 + 186526 + 3*t - 13*t. Calculate q(15).
-88
Suppose -4*t = -12, 9*t - 7*t + 6 = -p. Let m(b) = b**3 + 11*b**2 - 14*b - 13. Give m(p).
11
Let d be 2*20 - 0/(-3). Suppose d = -2*l + 46. Let y(j) be the third derivative of -j**4/6 + j**3/2 - 2*j**2. Calculate y(l).
-9
Let s(i) = -i + 9. Suppose -2*m - 6 = 0, 0 = -46*b + 47*b - 2*m. Let g be (-4)/b*3 - (-7)/(-1). Determine s(g).
14
Let u(q) = -q - 9. Let t be (((-28)/8)/7)/(10/(-940)). Let p(f) = 20*f. Let v be p(-2). Let m = t + v. Calculate u(m).
-16
Let s = 181 + -160. Suppose 5*q + 4*z - z = s, -2*z + 16 = 4*q. Let v(o) = 2*o. Determine v(q).
6
Let r(s) be the second derivative of 2*s**4/3 - 5*s**3/6 + 2*s**2 + 1038*s + 1. Calculate r(1).
7
Suppose 6*t - 157 = 2*t + v, -101 = -2*t + 5*v. Let b = 38 - t. Let f(c) = -3*c**3 + b - 1 - 4 + 2*c**3. Calculate f(0).
-5
Suppose 0 = -k - 4 + 8. Suppose -2*t - 3*t - 16 = 4*i, 0 = k*i - 5*t + 16. Let c(r) = 4*r + 11*r**3 + 56714*r**2 - 1 - 12*r**3 + 0 - 56717*r**2. Calculate c(i).
-1
Let q(w) = -w + 1. Suppose 3*y + 140 = 2*o + 13, 0 = -y - 3. Suppose -o = p - 60. What is q(p)?
0
Let i(l) be the second derivative of -l**4/4 + 7*l + 12. Determine i(-4).
-48
Let n(a) = a**2 - 3. Let c(y) = 80*y**3 + 6*y**2 - 2*y - 13. Let g(z) = -c(z) + 5*n(z). What is g(1)?
-81
Let l(y) = 2*y - 21. Let j be l(15). Let k(s) = 11*s**3 - 9*s**2 - 20*s - 9. Let t(p) = -5*p**3 + 4*p**2 + 9*p + 4. Let x(f) = j*t(f) + 4*k(f). Determine x(-2).
6
Let z(n) = 1 - 7*n + 2*n + n**3 + 3*n**2 + 0*n**3. Suppose -18*m + 2*v + 50 = -17*m, -3*v + 145 = 4*m. Suppose -m = -215*u + 225*u. What is z(u)?
5
Let j(z) be the second derivative of z**5/20 - 11*z**4/6 + z**3/6 - 3*z**2 - 153*z - 22. Determine j(22).
16
Suppose -5*p - 4*x - 37 = 0, -p + 3*x + 0*x + 4 = 0. Let c(g) = 51*g + 1674. Let v(t) = 25*t + 820. Let k(l) = -24*c(l) + 49*v(l). Give k(p).
-1
Let h be -3 + 5 - (1 - 4). Suppose -3*f + 3*i + 0*i + 6 = 0, h*f = 3*i + 18. Let x(r) = -48324 + 26*r - 11*r + 48329 - 14*r. What is x(f)?
11
Suppose -124 = 13*d - 332. Let j(w) = 3 - 31*w - w + 22*w + d*w. Calculate j(-3).
-15
Let l(g) = 0*g - 53*g - 37 + 86 + 38*g + 23*g. Calculate l(-6).
1
Let s(w) = -w + 15*w - 10 + w - 55*w. Determine s(-2).
70
Let n(t) = 8*t - 6. Let r(c) = 13*c. Let b(w) = -3*n(w) + 2*r(w). Determine b(-3).
12
Let m(a) = a - 9. Let l = 197 + -285. Let c = -96 - l. Give m(c).
-17
Suppose -2 = -5*o - 3*w + 25, -3*w - 3 = -5*o. Suppose 270 = 65*i - 50*i. Suppose 3*a = i + o. Let c(n) = n**3 - 7*n**2 + 3*n - 10. Determine c(a).
11
Suppose 129*u - 40*u - 1404 = -28*u. Let a(b) = b**2 - 8*b + 1. Give a(u).
49
Let a(t) be the third derivative of -t**8/20160 - t**7/630 + 11*t**6/720 + 2*t**5/15 + t**2 + 2. Let l(d) be the third derivative of a(d). What is l(-9)?
2
Let g(d) be the second derivative of -d**7/840 - d**6/90 